he units digit of 72563048?
8
What is the units digit of 14462612?
2
What is the ten millions digit of 74682759?
7
What is the tens digit of 2537338632?
3
What is the ten millions digit of 60648674?
6
What is the hundreds digit of 1932899738?
7
What is the ten thousands digit of 39323044?
2
What is the tens digit of 8709705?
0
What is the units digit of 276161553?
3
What is the ten millions digit of 197640849?
9
What is the billions digit of 1736637268?
1
What is the ten thousands digit of 4697215130?
1
What is the hundred millions digit of 171807897?
1
What is the ten millions digit of 71791826?
7
What is the hundred millions digit of 1157141462?
1
What is the units digit of 131971093?
3
What is the ten thousands digit of 7016148897?
4
What is the thousands digit of 86755246?
5
What is the ten millions digit of 121086698?
2
What is the units digit of 13969547?
7
What is the millions digit of 1489318?
1
What is the millions digit of 897568337?
7
What is the ten millions digit of 98350207?
9
What is the thousands digit of 474210604?
0
What is the ten thousands digit of 55253246?
5
What is the tens digit of 1178447774?
7
What is the hundred millions digit of 111406811?
1
What is the hundred thousands digit of 2424264113?
2
What is the units digit of 8319488942?
2
What is the thousands digit of 3074411?
4
What is the hundred millions digit of 1636682416?
6
What is the hundreds digit of 2180692386?
3
What is the millions digit of 34033689?
4
What is the ten millions digit of 4865006456?
6
What is the millions digit of 315444026?
5
What is the millions digit of 607864393?
7
What is the hundred millions digit of 108806216?
1
What is the thousands digit of 1956853551?
3
What is the millions digit of 27272981?
7
What is the units digit of 71114422?
2
What is the millions digit of 378610961?
8
What is the units digit of 143176829?
9
What is the units digit of 2394083581?
1
What is the hundreds digit of 54314922?
9
What is the hundred thousands digit of 3109803115?
8
What is the hundred millions digit of 4457914630?
4
What is the millions digit of 42299784?
2
What is the tens digit of 48076239?
3
What is the hundred millions digit of 1732620248?
7
What is the units digit of 45347662?
2
What is the hundreds digit of 1001744313?
3
What is the billions digit of 8518209553?
8
What is the units digit of 1122751442?
2
What is the tens digit of 1050831248?
4
What is the hundred millions digit of 110379273?
1
What is the hundreds digit of 2850835243?
2
What is the ten thousands digit of 52750528?
5
What is the hundred thousands digit of 498638650?
6
What is the ten millions digit of 175768669?
7
What is the hundreds digit of 170033491?
4
What is the thousands digit of 1889154237?
4
What is the ten thousands digit of 488901268?
0
What is the units digit of 56731094?
4
What is the ten millions digit of 162082677?
6
What is the tens digit of 569079207?
0
What is the thousands digit of 340125961?
5
What is the hundred thousands digit of 89760519?
7
What is the hundreds digit of 145463058?
0
What is the units digit of 2151042320?
0
What is the ten thousands digit of 433496649?
9
What is the ten millions digit of 261052309?
6
What is the hundreds digit of 58424073?
0
What is the ten millions digit of 367232931?
6
What is the thousands digit of 270911014?
1
What is the units digit of 4725023457?
7
What is the thousands digit of 87224456?
4
What is the tens digit of 2771323239?
3
What is the millions digit of 100061405?
0
What is the thousands digit of 334067246?
7
What is the hundred millions digit of 560613135?
5
What is the hundreds digit of 264734516?
5
What is the thousands digit of 156481925?
1
What is the millions digit of 458463915?
8
What is the thousands digit of 44886242?
6
What is the thousands digit of 72900418?
0
What is the thousands digit of 1178026647?
6
What is the ten millions digit of 117871591?
1
What is the hundreds digit of 293264236?
2
What is the thousands digit of 1072399777?
9
What is the hundreds digit of 6444117?
1
What is the hundred thousands digit of 2040317781?
3
What is the tens digit of 651583142?
4
What is the units digit of 2496708799?
9
What is the tens digit of 74614048?
4
What is the tens digit of 21849797?
9
What is the ten millions digit of 5710690884?
1
What is the hundred thousands digit of 45859967?
8
What is the hundred thousands digit of 30353139?
3
What is the tens digit of 43814821?
2
What is the ten thousands digit of 703962912?
6
What is the hundred thousands digit of 36523787?
5
What is the units digit of 43838311?
1
What is the hundred thousands digit of 2207781460?
7
What is the hundred millions digit of 1078676095?
0
What is the millions digit of 280128563?
0
What is the tens digit of 734382209?
0
What is the tens digit of 346807230?
3
What is the units digit of 1165913747?
7
What is the hundred thousands digit of 120173987?
1
What is the hundred millions digit of 351795857?
3
What is the ten millions digit of 105632614?
0
What is the thousands digit of 59966493?
6
What is the thousands digit of 32717911?
7
What is the ten thousands digit of 2839230002?
3
What is the hundred thousands digit of 8110379?
1
What is the tens digit of 240026117?
1
What is the hundred thousands digit of 100011189?
0
What is the units digit of 23068931?
1
What is the hundred thousands digit of 1183657499?
6
What is the tens digit of 336814242?
4
What is the hundred millions digit of 1693173060?
6
What is the hundred thousands digit of 78754725?
7
What is the ten millions digit of 683756214?
8
What is the thousands digit of 376227868?
7
What is the millions digit of 50335035?
0
What is the hundred thousands digit of 377216285?
2
What is the hundred millions digit of 814677379?
8
What is the hundreds digit of 89796522?
5
What is the ten thousands digit of 7393279737?
7
What is the thousands digit of 49593120?
3
What is the ten millions digit of 136453802?
3
What is the hundred thousands digit of 346998613?
9
What is the ten millions digit of 664646061?
6
What is the thousands digit of 74721866?
1
What is the tens digit of 29619988?
8
What is the ten thousands digit of 178653743?
5
What is the tens digit of 13598789?
8
What is the hundred millions digit of 1752506185?
7
What is the units digit of 370482289?
9
What is the ten thousands digit of 381509948?
0
What is the hundred millions digit of 166932833?
1
What is the thousands digit of 1605930864?
0
What is the hundreds digit of 92340843?
8
What is the hundred millions digit of 5495610181?
4
What is the tens digit of 1931175?
7
What is the units digit of 1041686579?
9
What is the units digit of 5054155700?
0
What is the hundred thousands digit of 52982168?
9
What is the hundred millions digit of 4188371138?
1
What is the tens digit of 2769635752?
5
What is the hundred thousands digit of 83108953?
1
What is the millions digit of 46164204?
6
What is the hundred thousands digit of 99300764?
3
What is the tens digit of 1691784506?
0
What is the millions digit of 105076465?
5
What is the thousands digit of 29476546?
6
What is the ten thousands digit of 2015069663?
6
What is the hundred thousands digit of 607483621?
4
What is the hundreds digit of 58649061?
0
What is the thousands digit of 53760295?
0
What is the hundred millions digit of 332496005?
3
What is the hundreds digit of 56733210?
2
What is the hundreds digit of 4554164683?
6
What is the hundreds digit of 318205667?
6
What is the tens digit of 133077071?
7
What is the ten millions digit of 288840442?
8
What is the tens digit of 5997538173?
7
What is the tens digit of 9063643?
4
What is the billions digit of 2711413444?
2
What is the tens digit of 2218352522?
2
What is the millions digit of 30326326?
0
What is the ten thousands digit of 317946535?
4
What is the ten millions digit of 1062378487?
6
What is the tens digit of 234930395?
9
What is the hundred thousands digit of 48906445?
9
What is the thousands digit of 32013694?
3
What is the units digit of 799843338?
8
What is the billions digit of 2567116039?
2
What is the units digit of 3724863929?
9
What is the hundreds digit of 40197569?
5
What is the tens digit of 90315526?
2
What is the ten thousands digit of 51012239?
1
What is the hundreds digit of 228251384?
3
What is the ten 